{"id":103,"date":"2022-03-16T17:15:12","date_gmt":"2022-03-16T16:15:12","guid":{"rendered":"http:\/\/atelierpictura.fr\/?page_id=103"},"modified":"2022-04-01T15:41:10","modified_gmt":"2022-04-01T13:41:10","slug":"collage-et-peinture","status":"publish","type":"page","link":"https:\/\/atelierpictura.fr\/?page_id=103","title":{"rendered":"Collage et Peinture"},"content":{"rendered":"\t\t<div data-elementor-type=\"wp-page\" data-elementor-id=\"103\" class=\"elementor elementor-103\">\n\t\t\t\t\t\t\t\t\t<section class=\"elementor-section elementor-top-section elementor-element elementor-element-7ab10c1 elementor-section-boxed elementor-section-height-default elementor-section-height-default\" data-id=\"7ab10c1\" data-element_type=\"section\">\n\t\t\t\t\t\t<div class=\"elementor-container elementor-column-gap-default\">\n\t\t\t\t\t<div class=\"elementor-column elementor-col-100 elementor-top-column elementor-element elementor-element-5d49326\" data-id=\"5d49326\" data-element_type=\"column\">\n\t\t\t<div class=\"elementor-widget-wrap elementor-element-populated\">\n\t\t\t\t\t\t\t\t<div class=\"elementor-element elementor-element-f6ac521 elementor-widget elementor-widget-text-editor\" data-id=\"f6ac521\" data-element_type=\"widget\" data-widget_type=\"text-editor.default\">\n\t\t\t\t<div class=\"elementor-widget-container\">\n\t\t\t<style>\/*! elementor - v3.6.6 - 08-06-2022 *\/\n.elementor-widget-text-editor.elementor-drop-cap-view-stacked .elementor-drop-cap{background-color:#818a91;color:#fff}.elementor-widget-text-editor.elementor-drop-cap-view-framed .elementor-drop-cap{color:#818a91;border:3px solid;background-color:transparent}.elementor-widget-text-editor:not(.elementor-drop-cap-view-default) .elementor-drop-cap{margin-top:8px}.elementor-widget-text-editor:not(.elementor-drop-cap-view-default) .elementor-drop-cap-letter{width:1em;height:1em}.elementor-widget-text-editor .elementor-drop-cap{float:left;text-align:center;line-height:1;font-size:50px}.elementor-widget-text-editor .elementor-drop-cap-letter{display:inline-block}<\/style>\t\t\t\t<h2>Stage Collage et Peinture<\/h2><p>Comment d\u00e9tourner l\u2019image photographique, textuelle par la repr\u00e9sentation picturale. Le collage servira de base et sera ensuite transgress\u00e9 par l\u2019utilisation du caparol, des pigments et \u00e9ventuellement compl\u00e9t\u00e9 par la technique Van Eyck.<\/p><p>Composition abstraite o\u00f9 oeuvre figurative, avec cette technique vous pouvez laisser libre cours \u00e0 votre imagination. Le stage s\u2019adresse aux d\u00e9butants et confirm\u00e9s.<\/p>\t\t\t\t\t\t<\/div>\n\t\t\t\t<\/div>\n\t\t\t\t<div class=\"elementor-element elementor-element-af7b290 elementor-widget elementor-widget-spacer\" data-id=\"af7b290\" data-element_type=\"widget\" data-widget_type=\"spacer.default\">\n\t\t\t\t<div class=\"elementor-widget-container\">\n\t\t\t<style>\/*! elementor - v3.6.6 - 08-06-2022 *\/\n.e-container.e-container--row .elementor-spacer-inner{width:var(--spacer-size)}.e-container.e-container--column .elementor-spacer-inner,.elementor-column .elementor-spacer-inner{height:var(--spacer-size)}<\/style>\t\t<div class=\"elementor-spacer\">\n\t\t\t<div class=\"elementor-spacer-inner\"><\/div>\n\t\t<\/div>\n\t\t\t\t<\/div>\n\t\t\t\t<\/div>\n\t\t\t\t\t<\/div>\n\t\t<\/div>\n\t\t\t\t\t\t\t<\/div>\n\t\t<\/section>\n\t\t\t\t<section class=\"elementor-section elementor-top-section elementor-element elementor-element-2807f7e elementor-section-boxed elementor-section-height-default elementor-section-height-default\" data-id=\"2807f7e\" data-element_type=\"section\">\n\t\t\t\t\t\t<div class=\"elementor-container elementor-column-gap-default\">\n\t\t\t\t\t<div class=\"elementor-column elementor-col-50 elementor-top-column elementor-element elementor-element-bd0847d\" data-id=\"bd0847d\" data-element_type=\"column\">\n\t\t\t<div class=\"elementor-widget-wrap elementor-element-populated\">\n\t\t\t\t\t\t\t\t<div class=\"elementor-element elementor-element-f52ad08 elementor-widget elementor-widget-image\" data-id=\"f52ad08\" data-element_type=\"widget\" data-widget_type=\"image.default\">\n\t\t\t\t<div class=\"elementor-widget-container\">\n\t\t\t<style>\/*! elementor - v3.6.6 - 08-06-2022 *\/\n.elementor-widget-image{text-align:center}.elementor-widget-image a{display:inline-block}.elementor-widget-image a img[src$=\".svg\"]{width:48px}.elementor-widget-image img{vertical-align:middle;display:inline-block}<\/style>\t\t\t\t\t\t\t\t\t\t\t\t<img loading=\"lazy\" decoding=\"async\" width=\"925\" height=\"694\" src=\"https:\/\/atelierpictura.fr\/wp-content\/uploads\/2022\/03\/AF7C24EC-5D8B-489A-8329-C1FDEBA3D307-1024x768.jpeg\" class=\"attachment-large size-large\" alt=\"\" srcset=\"https:\/\/atelierpictura.fr\/wp-content\/uploads\/2022\/03\/AF7C24EC-5D8B-489A-8329-C1FDEBA3D307-1024x768.jpeg 1024w, https:\/\/atelierpictura.fr\/wp-content\/uploads\/2022\/03\/AF7C24EC-5D8B-489A-8329-C1FDEBA3D307-300x225.jpeg 300w, https:\/\/atelierpictura.fr\/wp-content\/uploads\/2022\/03\/AF7C24EC-5D8B-489A-8329-C1FDEBA3D307-768x576.jpeg 768w, https:\/\/atelierpictura.fr\/wp-content\/uploads\/2022\/03\/AF7C24EC-5D8B-489A-8329-C1FDEBA3D307-1536x1152.jpeg 1536w, https:\/\/atelierpictura.fr\/wp-content\/uploads\/2022\/03\/AF7C24EC-5D8B-489A-8329-C1FDEBA3D307-2048x1536.jpeg 2048w, https:\/\/atelierpictura.fr\/wp-content\/uploads\/2022\/03\/AF7C24EC-5D8B-489A-8329-C1FDEBA3D307-80x60.jpeg 80w\" sizes=\"auto, (max-width: 925px) 100vw, 925px\" \/>\t\t\t\t\t\t\t\t\t\t\t\t\t\t\t<\/div>\n\t\t\t\t<\/div>\n\t\t\t\t<div class=\"elementor-element elementor-element-bcdb82c elementor-widget elementor-widget-spacer\" data-id=\"bcdb82c\" data-element_type=\"widget\" data-widget_type=\"spacer.default\">\n\t\t\t\t<div class=\"elementor-widget-container\">\n\t\t\t\t\t<div class=\"elementor-spacer\">\n\t\t\t<div class=\"elementor-spacer-inner\"><\/div>\n\t\t<\/div>\n\t\t\t\t<\/div>\n\t\t\t\t<\/div>\n\t\t\t\t\t<\/div>\n\t\t<\/div>\n\t\t\t\t<div class=\"elementor-column elementor-col-50 elementor-top-column elementor-element elementor-element-aa79a27\" data-id=\"aa79a27\" data-element_type=\"column\">\n\t\t\t<div class=\"elementor-widget-wrap elementor-element-populated\">\n\t\t\t\t\t\t\t\t<div class=\"elementor-element elementor-element-828e633 elementor-widget elementor-widget-text-editor\" data-id=\"828e633\" data-element_type=\"widget\" data-widget_type=\"text-editor.default\">\n\t\t\t\t<div class=\"elementor-widget-container\">\n\t\t\t\t\t\t\t<p><strong>Vous apprenez\u00a0<\/strong><\/p><ul><li>\u00e0 d\u00e9tourner l\u2019image<\/li><li>la peinture au caparol<\/li><li>la peinture au liant cellulosique<\/li><\/ul><p>\u00a0<\/p><p>\u00a0<\/p><p>\u00a0<\/p><p>Ma\u00eetre de stage\u00a0<a href=\"https:\/\/www.regardaupluriel.com\/atelier-pictura\/bruno-le-bail\/\">Bruno Le Bail<\/a><\/p>\t\t\t\t\t\t<\/div>\n\t\t\t\t<\/div>\n\t\t\t\t\t<\/div>\n\t\t<\/div>\n\t\t\t\t\t\t\t<\/div>\n\t\t<\/section>\n\t\t\t\t<section class=\"elementor-section elementor-top-section elementor-element elementor-element-c5013e8 elementor-section-boxed elementor-section-height-default elementor-section-height-default\" data-id=\"c5013e8\" data-element_type=\"section\">\n\t\t\t\t\t\t<div class=\"elementor-container elementor-column-gap-default\">\n\t\t\t\t\t<div class=\"elementor-column elementor-col-100 elementor-top-column elementor-element elementor-element-97f9a3f\" data-id=\"97f9a3f\" data-element_type=\"column\">\n\t\t\t<div class=\"elementor-widget-wrap elementor-element-populated\">\n\t\t\t\t\t\t\t\t<div class=\"elementor-element elementor-element-d819542 elementor-widget elementor-widget-text-editor\" data-id=\"d819542\" data-element_type=\"widget\" data-widget_type=\"text-editor.default\">\n\t\t\t\t<div class=\"elementor-widget-container\">\n\t\t\t\t\t\t\t<p><strong>Horaires<\/strong><\/p><p>10h \u2013 12 h et 14h \u2013 17h<\/p><p><strong>Tarif<\/strong><\/p><p>3 jours, 300 euros sans mat\u00e9riel<\/p><p>\u00a0<\/p><div>\u00a0<\/div><div>\u00a0<\/div><p><strong>Dates, liste du mat\u00e9riel \u00e0 fournir<\/strong>\u00a0et\u00a0<strong>pr\u00e9cisions techniques<\/strong>\u00a0du stage sur demande<\/p><div>\u00a0<\/div><div>\u00a0<\/div><p><strong>Possibilit\u00e9 d\u2019h\u00e9bergement<\/strong>\u00a0pendant que vous suivez un stage dans nos ateliers ou simplement pour passer quelques jours dans notre belle r\u00e9gion \u2013 nous vous proposons les h\u00e9bergements suivants\u00a0<a href=\"https:\/\/www.regardaupluriel.com\/hebergement\/\">ici\u00a0<\/a>:<\/p><div>\u00a0<\/div><div>\u00a0<\/div><p>Langues parl\u00e9es: fran\u00e7ais, anglais et allemand<\/p>\t\t\t\t\t\t<\/div>\n\t\t\t\t<\/div>\n\t\t\t\t\t<\/div>\n\t\t<\/div>\n\t\t\t\t\t\t\t<\/div>\n\t\t<\/section>\n\t\t\t\t\t\t\t<\/div>\n\t\t","protected":false},"excerpt":{"rendered":"<p>Stage Collage et Peinture Comment d\u00e9tourner l\u2019image photographique, textuelle par la repr\u00e9sentation picturale. Le collage servira de base et sera ensuite transgress\u00e9 par l\u2019utilisation du caparol, des pigments et \u00e9ventuellement compl\u00e9t\u00e9 par la technique Van Eyck. Composition abstraite o\u00f9 oeuvre figurative, avec cette technique vous pouvez laisser libre cours \u00e0 votre imagination. Le stage s\u2019adresse &hellip; <\/p>\n","protected":false},"author":1,"featured_media":0,"parent":0,"menu_order":0,"comment_status":"closed","ping_status":"closed","template":"","meta":{"footnotes":""},"class_list":["post-103","page","type-page","status-publish","hentry"],"_links":{"self":[{"href":"https:\/\/atelierpictura.fr\/index.php?rest_route=\/wp\/v2\/pages\/103","targetHints":{"allow":["GET"]}}],"collection":[{"href":"https:\/\/atelierpictura.fr\/index.php?rest_route=\/wp\/v2\/pages"}],"about":[{"href":"https:\/\/atelierpictura.fr\/index.php?rest_route=\/wp\/v2\/types\/page"}],"author":[{"embeddable":true,"href":"https:\/\/atelierpictura.fr\/index.php?rest_route=\/wp\/v2\/users\/1"}],"replies":[{"embeddable":true,"href":"https:\/\/atelierpictura.fr\/index.php?rest_route=%2Fwp%2Fv2%2Fcomments&post=103"}],"version-history":[{"count":4,"href":"https:\/\/atelierpictura.fr\/index.php?rest_route=\/wp\/v2\/pages\/103\/revisions"}],"predecessor-version":[{"id":168,"href":"https:\/\/atelierpictura.fr\/index.php?rest_route=\/wp\/v2\/pages\/103\/revisions\/168"}],"wp:attachment":[{"href":"https:\/\/atelierpictura.fr\/index.php?rest_route=%2Fwp%2Fv2%2Fmedia&parent=103"}],"curies":[{"name":"wp","href":"https:\/\/api.w.org\/{rel}","templated":true}]}}

<div data-elementor-type="wp-page" data-elementor-id="103" class="elementor elementor-103">
									<section class="elementor-section elementor-top-section elementor-element elementor-element-7ab10c1 elementor-section-boxed elementor-section-height-default elementor-section-height-default" data-id="7ab10c1" data-element_type="section">
						<div class="elementor-container elementor-column-gap-default">
					<div class="elementor-column elementor-col-100 elementor-top-column elementor-element elementor-element-5d49326" data-id="5d49326" data-element_type="column">
			<div class="elementor-widget-wrap elementor-element-populated">
								<div class="elementor-element elementor-element-f6ac521 elementor-widget elementor-widget-text-editor" data-id="f6ac521" data-element_type="widget" data-widget_type="text-editor.default">
				<div class="elementor-widget-container">
			<style>/*! elementor - v3.6.6 - 08-06-2022 */
.elementor-widget-text-editor.elementor-drop-cap-view-stacked .elementor-drop-cap{background-color:#818a91;color:#fff}.elementor-widget-text-editor.elementor-drop-cap-view-framed .elementor-drop-cap{color:#818a91;border:3px solid;background-color:transparent}.elementor-widget-text-editor:not(.elementor-drop-cap-view-default) .elementor-drop-cap{margin-top:8px}.elementor-widget-text-editor:not(.elementor-drop-cap-view-default) .elementor-drop-cap-letter{width:1em;height:1em}.elementor-widget-text-editor .elementor-drop-cap{float:left;text-align:center;line-height:1;font-size:50px}.elementor-widget-text-editor .elementor-drop-cap-letter{display:inline-block}</style>				<h2>Stage Collage et Peinture</h2><p>Comment détourner l’image photographique, textuelle par la représentation picturale. Le collage servira de base et sera ensuite transgressé par l’utilisation du caparol, des pigments et éventuellement complété par la technique Van Eyck.</p><p>Composition abstraite où oeuvre figurative, avec cette technique vous pouvez laisser libre cours à votre imagination. Le stage s’adresse aux débutants et confirmés.</p>						</div>
				</div>
				<div class="elementor-element elementor-element-af7b290 elementor-widget elementor-widget-spacer" data-id="af7b290" data-element_type="widget" data-widget_type="spacer.default">
				<div class="elementor-widget-container">
			<style>/*! elementor - v3.6.6 - 08-06-2022 */
.e-container.e-container--row .elementor-spacer-inner{width:var(--spacer-size)}.e-container.e-container--column .elementor-spacer-inner,.elementor-column .elementor-spacer-inner{height:var(--spacer-size)}</style>		<div class="elementor-spacer">
			<div class="elementor-spacer-inner"></div>
		</div>
				</div>
				</div>
					</div>
		</div>
							</div>
		</section>
				<section class="elementor-section elementor-top-section elementor-element elementor-element-2807f7e elementor-section-boxed elementor-section-height-default elementor-section-height-default" data-id="2807f7e" data-element_type="section">
						<div class="elementor-container elementor-column-gap-default">
					<div class="elementor-column elementor-col-50 elementor-top-column elementor-element elementor-element-bd0847d" data-id="bd0847d" data-element_type="column">
			<div class="elementor-widget-wrap elementor-element-populated">
								<div class="elementor-element elementor-element-f52ad08 elementor-widget elementor-widget-image" data-id="f52ad08" data-element_type="widget" data-widget_type="image.default">
				<div class="elementor-widget-container">
			<style>/*! elementor - v3.6.6 - 08-06-2022 */
.elementor-widget-image{text-align:center}.elementor-widget-image a{display:inline-block}.elementor-widget-image a img[src$=".svg"]{width:48px}.elementor-widget-image img{vertical-align:middle;display:inline-block}</style>												<img loading="lazy" decoding="async" width="925" height="694" src="https://atelierpictura.fr/wp-content/uploads/2022/03/AF7C24EC-5D8B-489A-8329-C1FDEBA3D307-1024x768.jpeg" class="attachment-large size-large" alt="" srcset="https://atelierpictura.fr/wp-content/uploads/2022/03/AF7C24EC-5D8B-489A-8329-C1FDEBA3D307-1024x768.jpeg 1024w, https://atelierpictura.fr/wp-content/uploads/2022/03/AF7C24EC-5D8B-489A-8329-C1FDEBA3D307-300x225.jpeg 300w, https://atelierpictura.fr/wp-content/uploads/2022/03/AF7C24EC-5D8B-489A-8329-C1FDEBA3D307-768x576.jpeg 768w, https://atelierpictura.fr/wp-content/uploads/2022/03/AF7C24EC-5D8B-489A-8329-C1FDEBA3D307-1536x1152.jpeg 1536w, https://atelierpictura.fr/wp-content/uploads/2022/03/AF7C24EC-5D8B-489A-8329-C1FDEBA3D307-2048x1536.jpeg 2048w, https://atelierpictura.fr/wp-content/uploads/2022/03/AF7C24EC-5D8B-489A-8329-C1FDEBA3D307-80x60.jpeg 80w" sizes="auto, (max-width: 925px) 100vw, 925px" />															</div>
				</div>
				<div class="elementor-element elementor-element-bcdb82c elementor-widget elementor-widget-spacer" data-id="bcdb82c" data-element_type="widget" data-widget_type="spacer.default">
				<div class="elementor-widget-container">
					<div class="elementor-spacer">
			<div class="elementor-spacer-inner"></div>
		</div>
				</div>
				</div>
					</div>
		</div>
				<div class="elementor-column elementor-col-50 elementor-top-column elementor-element elementor-element-aa79a27" data-id="aa79a27" data-element_type="column">
			<div class="elementor-widget-wrap elementor-element-populated">
								<div class="elementor-element elementor-element-828e633 elementor-widget elementor-widget-text-editor" data-id="828e633" data-element_type="widget" data-widget_type="text-editor.default">
				<div class="elementor-widget-container">
							<p><strong>Vous apprenez </strong></p><ul><li>à détourner l’image</li><li>la peinture au caparol</li><li>la peinture au liant cellulosique</li></ul><p> </p><p> </p><p> </p><p>Maître de stage <a href="https://www.regardaupluriel.com/atelier-pictura/bruno-le-bail/">Bruno Le Bail</a></p>						</div>
				</div>
					</div>
		</div>
							</div>
		</section>
				<section class="elementor-section elementor-top-section elementor-element elementor-element-c5013e8 elementor-section-boxed elementor-section-height-default elementor-section-height-default" data-id="c5013e8" data-element_type="section">
						<div class="elementor-container elementor-column-gap-default">
					<div class="elementor-column elementor-col-100 elementor-top-column elementor-element elementor-element-97f9a3f" data-id="97f9a3f" data-element_type="column">
			<div class="elementor-widget-wrap elementor-element-populated">
								<div class="elementor-element elementor-element-d819542 elementor-widget elementor-widget-text-editor" data-id="d819542" data-element_type="widget" data-widget_type="text-editor.default">
				<div class="elementor-widget-container">
							<p><strong>Horaires</strong></p><p>10h – 12 h et 14h – 17h</p><p><strong>Tarif</strong></p><p>3 jours, 300 euros sans matériel</p><p> </p><div> </div><div> </div><p><strong>Dates, liste du matériel à fournir</strong> et <strong>précisions techniques</strong> du stage sur demande</p><div> </div><div> </div><p><strong>Possibilité d’hébergement</strong> pendant que vous suivez un stage dans nos ateliers ou simplement pour passer quelques jours dans notre belle région – nous vous proposons les hébergements suivants <a href="https://www.regardaupluriel.com/hebergement/">ici </a>:</p><div> </div><div> </div><p>Langues parlées: français, anglais et allemand</p>						</div>
				</div>
					</div>
		</div>
							</div>
		</section>
							</div>

<p>Stage Collage et Peinture Comment détourner l’image photographique, textuelle par la représentation picturale. Le collage servira de base et sera ensuite transgressé par l’utilisation du caparol, des pigments et éventuellement complété par la technique Van Eyck. Composition abstraite où oeuvre figurative, avec cette technique vous pouvez laisser libre cours à votre imagination. Le stage s’adresse &hellip; </p>
