{"id":101,"date":"2022-03-16T17:14:54","date_gmt":"2022-03-16T16:14:54","guid":{"rendered":"http:\/\/atelierpictura.fr\/?page_id=101"},"modified":"2022-06-08T14:54:50","modified_gmt":"2022-06-08T12:54:50","slug":"peinture-a-loeuf","status":"publish","type":"page","link":"https:\/\/atelierpictura.fr\/?page_id=101","title":{"rendered":"Peinture \u00e0 l\u2019oeuf"},"content":{"rendered":"\t\t<div data-elementor-type=\"wp-page\" data-elementor-id=\"101\" class=\"elementor elementor-101\">\n\t\t\t\t\t\t\t\t\t<section class=\"elementor-section elementor-top-section elementor-element elementor-element-d6ca462 elementor-section-boxed elementor-section-height-default elementor-section-height-default\" data-id=\"d6ca462\" data-element_type=\"section\">\n\t\t\t\t\t\t<div class=\"elementor-container elementor-column-gap-default\">\n\t\t\t\t\t<div class=\"elementor-column elementor-col-100 elementor-top-column elementor-element elementor-element-0f2ef93\" data-id=\"0f2ef93\" data-element_type=\"column\">\n\t\t\t<div class=\"elementor-widget-wrap elementor-element-populated\">\n\t\t\t\t\t\t\t\t<div class=\"elementor-element elementor-element-a47456f elementor-widget elementor-widget-text-editor\" data-id=\"a47456f\" data-element_type=\"widget\" data-widget_type=\"text-editor.default\">\n\t\t\t\t<div class=\"elementor-widget-container\">\n\t\t\t<style>\/*! elementor - v3.6.6 - 08-06-2022 *\/\n.elementor-widget-text-editor.elementor-drop-cap-view-stacked .elementor-drop-cap{background-color:#818a91;color:#fff}.elementor-widget-text-editor.elementor-drop-cap-view-framed .elementor-drop-cap{color:#818a91;border:3px solid;background-color:transparent}.elementor-widget-text-editor:not(.elementor-drop-cap-view-default) .elementor-drop-cap{margin-top:8px}.elementor-widget-text-editor:not(.elementor-drop-cap-view-default) .elementor-drop-cap-letter{width:1em;height:1em}.elementor-widget-text-editor .elementor-drop-cap{float:left;text-align:center;line-height:1;font-size:50px}.elementor-widget-text-editor .elementor-drop-cap-letter{display:inline-block}<\/style>\t\t\t\t<p style=\"font-weight: 400;\">La peinture \u00e0 l\u2019oeuf (tempera) \u00a0est la principale technique de peinture \u00e0 l\u2019eau utilis\u00e9e depuis des temps imm\u00e9moriaux, notamment en \u00c9gypte, puis par les peintres d\u2019ic\u00f4nes byzantines, puis en Europe durant le Moyen \u00c2ge. L\u2019int\u00e9r\u00eat du proc\u00e9d\u00e9 \u00e0 l\u2019\u0153uf\u00a0\u00a0r\u00e9side dans le fait que le jaune d\u2019\u0153uf est\u00a0une \u00e9mulsion naturelle\u00a0(\u00e9mulsion mi-grasse).\u00a0Elle pr\u00e9sente les qualit\u00e9s suivantes\u00a0: luminosit\u00e9, pr\u00e9cision, solidit\u00e9.<\/p><p style=\"font-weight: 400;\">Au\u00a0xix<sup>e<\/sup>\u00a0s., on s\u2019est servi d\u2019\u00e9mulsions artificielles d\u2019huile de gomme ou de colle. \u00c9tymologiquement, le mot\u00a0<i><em>tempera\u00a0<\/em><\/i>pourrait s\u2019appliquer \u00e0 toutes les techniques picturales, puisqu\u2019il sous-entend le m\u00e9lange de pigments et de liant, quelle que soit la nature de ce dernier. Bien qu\u2019il soit souvent pris comme synonyme de \u00ab\u00a0d\u00e9trempe\u00a0\u00bb, il doit exclusivement d\u00e9signer le proc\u00e9d\u00e9 \u00e0 l\u2019\u0153uf.<\/p>\t\t\t\t\t\t<\/div>\n\t\t\t\t<\/div>\n\t\t\t\t<div class=\"elementor-element elementor-element-5f36603 elementor-widget elementor-widget-spacer\" data-id=\"5f36603\" data-element_type=\"widget\" data-widget_type=\"spacer.default\">\n\t\t\t\t<div class=\"elementor-widget-container\">\n\t\t\t<style>\/*! elementor - v3.6.6 - 08-06-2022 *\/\n.e-container.e-container--row .elementor-spacer-inner{width:var(--spacer-size)}.e-container.e-container--column .elementor-spacer-inner,.elementor-column .elementor-spacer-inner{height:var(--spacer-size)}<\/style>\t\t<div class=\"elementor-spacer\">\n\t\t\t<div class=\"elementor-spacer-inner\"><\/div>\n\t\t<\/div>\n\t\t\t\t<\/div>\n\t\t\t\t<\/div>\n\t\t\t\t\t<\/div>\n\t\t<\/div>\n\t\t\t\t\t\t\t<\/div>\n\t\t<\/section>\n\t\t\t\t<section class=\"elementor-section elementor-top-section elementor-element elementor-element-014e338 elementor-section-boxed elementor-section-height-default elementor-section-height-default\" data-id=\"014e338\" data-element_type=\"section\">\n\t\t\t\t\t\t<div class=\"elementor-container elementor-column-gap-default\">\n\t\t\t\t\t<div class=\"elementor-column elementor-col-50 elementor-top-column elementor-element elementor-element-c3370d7\" data-id=\"c3370d7\" data-element_type=\"column\">\n\t\t\t<div class=\"elementor-widget-wrap elementor-element-populated\">\n\t\t\t\t\t\t\t\t<div class=\"elementor-element elementor-element-3065a24 elementor-widget elementor-widget-image\" data-id=\"3065a24\" data-element_type=\"widget\" data-widget_type=\"image.default\">\n\t\t\t\t<div class=\"elementor-widget-container\">\n\t\t\t<style>\/*! elementor - v3.6.6 - 08-06-2022 *\/\n.elementor-widget-image{text-align:center}.elementor-widget-image a{display:inline-block}.elementor-widget-image a img[src$=\".svg\"]{width:48px}.elementor-widget-image img{vertical-align:middle;display:inline-block}<\/style>\t\t\t\t\t\t\t\t\t\t\t\t<img loading=\"lazy\" decoding=\"async\" width=\"925\" height=\"617\" src=\"https:\/\/atelierpictura.fr\/wp-content\/uploads\/2022\/03\/6455546A-AF7A-4D0B-A763-79EB8905F16D-1024x683.jpeg\" class=\"attachment-large size-large\" alt=\"\" srcset=\"https:\/\/atelierpictura.fr\/wp-content\/uploads\/2022\/03\/6455546A-AF7A-4D0B-A763-79EB8905F16D-1024x683.jpeg 1024w, https:\/\/atelierpictura.fr\/wp-content\/uploads\/2022\/03\/6455546A-AF7A-4D0B-A763-79EB8905F16D-300x200.jpeg 300w, https:\/\/atelierpictura.fr\/wp-content\/uploads\/2022\/03\/6455546A-AF7A-4D0B-A763-79EB8905F16D-768x512.jpeg 768w, https:\/\/atelierpictura.fr\/wp-content\/uploads\/2022\/03\/6455546A-AF7A-4D0B-A763-79EB8905F16D-1536x1024.jpeg 1536w, https:\/\/atelierpictura.fr\/wp-content\/uploads\/2022\/03\/6455546A-AF7A-4D0B-A763-79EB8905F16D-2048x1365.jpeg 2048w, https:\/\/atelierpictura.fr\/wp-content\/uploads\/2022\/03\/6455546A-AF7A-4D0B-A763-79EB8905F16D-90x60.jpeg 90w\" sizes=\"auto, (max-width: 925px) 100vw, 925px\" \/>\t\t\t\t\t\t\t\t\t\t\t\t\t\t\t<\/div>\n\t\t\t\t<\/div>\n\t\t\t\t<div class=\"elementor-element elementor-element-c2b4d74 elementor-widget elementor-widget-spacer\" data-id=\"c2b4d74\" data-element_type=\"widget\" data-widget_type=\"spacer.default\">\n\t\t\t\t<div class=\"elementor-widget-container\">\n\t\t\t\t\t<div class=\"elementor-spacer\">\n\t\t\t<div class=\"elementor-spacer-inner\"><\/div>\n\t\t<\/div>\n\t\t\t\t<\/div>\n\t\t\t\t<\/div>\n\t\t\t\t\t<\/div>\n\t\t<\/div>\n\t\t\t\t<div class=\"elementor-column elementor-col-50 elementor-top-column elementor-element elementor-element-9e1622b\" data-id=\"9e1622b\" data-element_type=\"column\">\n\t\t\t<div class=\"elementor-widget-wrap elementor-element-populated\">\n\t\t\t\t\t\t\t\t<div class=\"elementor-element elementor-element-3ce3a65 elementor-widget elementor-widget-text-editor\" data-id=\"3ce3a65\" data-element_type=\"widget\" data-widget_type=\"text-editor.default\">\n\t\t\t\t<div class=\"elementor-widget-container\">\n\t\t\t\t\t\t\t<p style=\"font-weight: 400;\"><b><strong>Vous apprenez<\/strong><\/b><\/p><ul style=\"font-weight: 400;\"><li>la fabrication de la tempera<\/li><li>la technique de base et les divers possibilit\u00e9s d\u2019application<\/li><\/ul>\t\t\t\t\t\t<\/div>\n\t\t\t\t<\/div>\n\t\t\t\t\t<\/div>\n\t\t<\/div>\n\t\t\t\t\t\t\t<\/div>\n\t\t<\/section>\n\t\t\t\t<section class=\"elementor-section elementor-top-section elementor-element elementor-element-525c773 elementor-section-boxed elementor-section-height-default elementor-section-height-default\" data-id=\"525c773\" data-element_type=\"section\">\n\t\t\t\t\t\t<div class=\"elementor-container elementor-column-gap-default\">\n\t\t\t\t\t<div class=\"elementor-column elementor-col-100 elementor-top-column elementor-element elementor-element-c642846\" data-id=\"c642846\" data-element_type=\"column\">\n\t\t\t<div class=\"elementor-widget-wrap elementor-element-populated\">\n\t\t\t\t\t\t\t\t<div class=\"elementor-element elementor-element-6f8eb4e elementor-widget elementor-widget-text-editor\" data-id=\"6f8eb4e\" data-element_type=\"widget\" data-widget_type=\"text-editor.default\">\n\t\t\t\t<div class=\"elementor-widget-container\">\n\t\t\t\t\t\t\t<p style=\"font-weight: 400;\"><b><strong>Horaires<\/strong><\/b><\/p><p style=\"font-weight: 400;\">10 h \u2013 12 h et 14 h \u2013 17 h<\/p><p style=\"font-weight: 400;\"><b><strong>Tarif<\/strong><\/b><\/p><p style=\"font-weight: 400;\">3 jours, 300 euros sans mat\u00e9riel\u00a0<\/p><p style=\"font-weight: 400;\"><b><strong>D<\/strong><\/b><b><strong>ates<\/strong><\/b><\/p><p style=\"font-weight: 400;\"><a href=\"https:\/\/www.regardaupluriel.com\/nous-contacter\/\">Sur demande.<\/a>\u00a0Les stages se d\u00e9roulent sur toute l\u2019ann\u00e9e<\/p><p style=\"font-weight: 400;\">Sur demande vous pouvez aussi apprendre cette technique dans les stages suivants:\u00a0<a href=\"https:\/\/www.regardaupluriel.com\/ecole-art-atelier-pictura\/cours-peinture\/cours-de-peinture\/\">\u00e0 la carte<\/a>,\u00a0<a href=\"https:\/\/www.regardaupluriel.com\/ecole-art-atelier-pictura\/cours-peinture\/cours-particulier\/\">cours particulier<\/a>,\u00a0<a href=\"https:\/\/www.regardaupluriel.com\/ecole-art-atelier-pictura\/cours-peinture\/cours-de-perfectionnement\/\">cours de perfectionnement<\/a><\/p><p style=\"font-weight: 400;\"><b><strong>Possibilit\u00e9 d\u2019h\u00e9bergement<\/strong><\/b>\u00a0pendant que vous suivez un stage dans nos ateliers\u00a0ou simplement pour passer quelques jours dans notre belle r\u00e9gion\u00a0\u2013 nous vous proposons les h\u00e9bergements suivants\u00a0<b><strong><a href=\"https:\/\/www.regardaupluriel.com\/accueil\/hebergement\/\">ici\u00a0<\/a>:<\/strong><\/b><\/p><p style=\"font-weight: 400;\">Langues parl\u00e9es: fran\u00e7ais, anglais et allemand\u00a0<\/p>\t\t\t\t\t\t<\/div>\n\t\t\t\t<\/div>\n\t\t\t\t\t<\/div>\n\t\t<\/div>\n\t\t\t\t\t\t\t<\/div>\n\t\t<\/section>\n\t\t\t\t\t\t\t<\/div>\n\t\t","protected":false},"excerpt":{"rendered":"<p>La peinture \u00e0 l\u2019oeuf (tempera) \u00a0est la principale technique de peinture \u00e0 l\u2019eau utilis\u00e9e depuis des temps imm\u00e9moriaux, notamment en \u00c9gypte, puis par les peintres d\u2019ic\u00f4nes byzantines, puis en Europe durant le Moyen \u00c2ge. L\u2019int\u00e9r\u00eat du proc\u00e9d\u00e9 \u00e0 l\u2019\u0153uf\u00a0\u00a0r\u00e9side dans le fait que le jaune d\u2019\u0153uf est\u00a0une \u00e9mulsion naturelle\u00a0(\u00e9mulsion mi-grasse).\u00a0Elle pr\u00e9sente les qualit\u00e9s suivantes\u00a0: luminosit\u00e9, &hellip; <\/p>\n","protected":false},"author":1,"featured_media":0,"parent":0,"menu_order":0,"comment_status":"closed","ping_status":"closed","template":"","meta":{"footnotes":""},"class_list":["post-101","page","type-page","status-publish","hentry"],"_links":{"self":[{"href":"https:\/\/atelierpictura.fr\/index.php?rest_route=\/wp\/v2\/pages\/101","targetHints":{"allow":["GET"]}}],"collection":[{"href":"https:\/\/atelierpictura.fr\/index.php?rest_route=\/wp\/v2\/pages"}],"about":[{"href":"https:\/\/atelierpictura.fr\/index.php?rest_route=\/wp\/v2\/types\/page"}],"author":[{"embeddable":true,"href":"https:\/\/atelierpictura.fr\/index.php?rest_route=\/wp\/v2\/users\/1"}],"replies":[{"embeddable":true,"href":"https:\/\/atelierpictura.fr\/index.php?rest_route=%2Fwp%2Fv2%2Fcomments&post=101"}],"version-history":[{"count":10,"href":"https:\/\/atelierpictura.fr\/index.php?rest_route=\/wp\/v2\/pages\/101\/revisions"}],"predecessor-version":[{"id":256,"href":"https:\/\/atelierpictura.fr\/index.php?rest_route=\/wp\/v2\/pages\/101\/revisions\/256"}],"wp:attachment":[{"href":"https:\/\/atelierpictura.fr\/index.php?rest_route=%2Fwp%2Fv2%2Fmedia&parent=101"}],"curies":[{"name":"wp","href":"https:\/\/api.w.org\/{rel}","templated":true}]}}